 163
What are the prime factors of 447887?
11, 19, 2143
What are the prime factors of 541870?
2, 5, 7, 7741
What are the prime factors of 7933759?
1607, 4937
What are the prime factors of 160897?
11, 14627
What are the prime factors of 261234?
2, 3, 23, 631
What are the prime factors of 14121181?
2843, 4967
What are the prime factors of 407374?
2, 11, 18517
What are the prime factors of 36412477?
37, 984121
List the prime factors of 25598986.
2, 7, 1828499
List the prime factors of 2746123.
2746123
List the prime factors of 1756592.
2, 101, 1087
What are the prime factors of 3232403?
307, 10529
What are the prime factors of 50036?
2, 7, 1787
List the prime factors of 1018548.
2, 3, 9431
What are the prime factors of 627014?
2, 313507
List the prime factors of 20464057.
20464057
What are the prime factors of 2752244?
2, 11, 71, 881
List the prime factors of 1130789.
11, 17, 6047
List the prime factors of 2380385.
5, 7, 23, 2957
What are the prime factors of 1830644?
2, 457661
What are the prime factors of 5521720?
2, 5, 31, 61, 73
List the prime factors of 3293506.
2, 241, 6833
What are the prime factors of 6524601?
3, 31, 70157
List the prime factors of 148597.
17, 8741
List the prime factors of 3552192.
2, 3, 7, 881
What are the prime factors of 640255?
5, 7, 11, 1663
List the prime factors of 7266994.
2, 7, 29, 2557
What are the prime factors of 380937?
3, 43, 2953
What are the prime factors of 5371486?
2, 73, 36791
List the prime factors of 1309298.
2, 23, 28463
What are the prime factors of 1634497?
1634497
List the prime factors of 11312930.
2, 5, 191, 5923
List the prime factors of 2259067.
101, 22367
What are the prime factors of 4373729?
59, 74131
List the prime factors of 20387104.
2, 637097
What are the prime factors of 2568401?
11, 19, 12289
List the prime factors of 802104.
2, 3, 19, 1759
What are the prime factors of 1907642?
2, 11, 86711
What are the prime factors of 6188935?
5, 17, 4283
List the prime factors of 114934.
2, 57467
List the prime factors of 5838864.
2, 3, 103, 1181
What are the prime factors of 2582528?
2, 13, 97
What are the prime factors of 837720?
2, 3, 5, 13, 179
What are the prime factors of 1488040?
2, 5, 37201
List the prime factors of 7618547.
7618547
What are the prime factors of 524205?
3, 5, 11, 353
What are the prime factors of 97603?
11, 19, 467
What are the prime factors of 6004838?
2, 7, 229, 1873
What are the prime factors of 7947975?
3, 5, 7, 15139
What are the prime factors of 355784?
2, 11, 13, 311
List the prime factors of 32921097.
3, 11, 997609
List the prime factors of 1468297.
23, 63839
What are the prime factors of 8103032?
2, 7, 2953
List the prime factors of 219159.
3, 8117
List the prime factors of 99700.
2, 5, 997
What are the prime factors of 3962625?
3, 5, 10567
What are the prime factors of 422420?
2, 5, 21121
List the prime factors of 689942.
2, 11, 2851
List the prime factors of 452491.
13, 34807
What are the prime factors of 88980?
2, 3, 5, 1483
List the prime factors of 164261.
277, 593
List the prime factors of 14771510.
2, 5, 13, 37, 83
What are the prime factors of 1832583?
3, 17, 35933
What are the prime factors of 401388?
2, 3, 13, 31, 83
What are the prime factors of 260824?
2, 32603
List the prime factors of 98397.
3, 13, 29
What are the prime factors of 2422535?
5, 79, 6133
List the prime factors of 2446306.
2, 41, 29833
What are the prime factors of 10021547?
10021547
What are the prime factors of 508197?
3, 169399
What are the prime factors of 5706092?
2, 7, 203789
What are the prime factors of 209169?
3, 61, 127
List the prime factors of 12267687.
3, 97, 42157
List the prime factors of 5957733.
3, 1129, 1759
List the prime factors of 220980.
2, 3, 5, 29, 127
What are the prime factors of 209558?
2, 104779
What are the prime factors of 42830716?
2, 31, 89, 3881
List the prime factors of 1271337.
3, 423779
What are the prime factors of 1433146?
2, 11, 13, 5011
List the prime factors of 1927222.
2, 11, 17, 5153
What are the prime factors of 103785?
3, 5, 11, 17, 37
List the prime factors of 164636.
2, 79, 521
List the prime factors of 465738.
2, 3, 7, 13, 853
List the prime factors of 1311793.
7, 67, 2797
List the prime factors of 8062478.
2, 4031239
List the prime factors of 24531160.
2, 5, 613279
What are the prime factors of 1806210?
2, 3, 5, 7, 47, 61
List the prime factors of 12741166.
2, 6370583
List the prime factors of 16750213.
16750213
List the prime factors of 1516270.
2, 5, 7, 21661
List the prime factors of 3357150.
2, 3, 5, 22381
List the prime factors of 8719207.
7, 177943
What are the prime factors of 1729136?
2, 67, 1613
What are the prime factors of 8763032?
2, 757, 1447
List the prime factors of 5934794.
2, 2967397
List the prime factors of 5944418.
2, 523, 5683
What are the prime factors of 22774683?
3, 53, 227, 631
What are the prime factors of 321367?
321367
What are the prime factors of 1141076?
2, 23, 79, 157
List the prime factors of 3975794.
2, 751, 2647
What are the prime factors of 3979535?
5, 7, 37, 439
List the prime factors of 34106684.
2, 8526671
What are the prime factors of 825782?
2, 412891
List the prime factors of 1818054.
2, 3, 7, 47, 307
What are the prime factors of 455027?
97, 4691
List the prime factors of 925980.
2, 3, 5, 11, 23, 61
What are the prime factors of 4686210?
2, 3, 5, 52069
What are the prime factors of 3021844?
2, 7, 107923
What are the prime factors of 774503?
17, 29, 1571
What are the prime factors of 280778?
2, 29, 47, 103
What are the prime factors of 231630?
2, 3, 5, 7, 1103
List the prime factors of 1931435.
5, 11, 35117
List the prime factors of 7713141.
3, 31, 197, 421
What are the prime factors of 960369?
3, 157, 2039
What are the prime factors of 4467545?
5, 893509
List the prime factors of 493656.
2, 3, 67, 307
What are the prime factors of 332429?
401, 829
What are the prime factors of 2238168?
2, 3, 93257
What are the prime factors of 4979999?
4979999
List the prime factors of 14700514.
2, 7350257
List the prime factors of 2047374.
2, 3, 7, 16249
List the prime factors of 3298175.
5, 131927
What are the prime factors of 1716152?
2, 214519
List the prime factors of 2251179.
3, 7, 43, 277
List the prime factors of 444490.
2, 5, 44449
What are the prime factors of 561898?
2, 280949
What are the prime factors of 177100?
2, 5, 7, 11, 23
List the prime factors of 19845452.
2, 11, 131, 313
What are the prime factors of 2494668?
2, 3, 11, 18899
What are the prime factors of 4646840?
2, 5, 11, 59, 179
What are the prime factors of 190123?
31, 6133
What are the prime factors of 720774?
2, 3, 23, 1741
What are the prime factors of 6167754?
2, 3, 342653
List the prime factors of 594815.
5, 13, 9151
List the prime factors of 2514022.
2, 7, 179573
What are the prime factors of 114072?
2, 3, 7, 97
What are the prime factors of 4677583?
43, 181, 601
List the prime factors of 3218448.
2, 3, 19, 3529
What are the prime factors of 263089?
263089
List the prime factors of 19259742.
2, 3, 17, 31, 6091
List the prime factors of 1313542.
2, 656771
List the prime factors of 8647322.
2, 17, 419, 607
What are the prime factors of 12245670?
2, 3, 5, 103, 1321
What are the prime factors of 8498535?
3, 5, 461, 1229
List the prime factors of 106819.
37, 2887
List the prime factors of 3158455.
5, 179, 3529
List the prime factors of 1528500.
2, 3, 5, 1019
What are the prime factors of 36174672?
2, 3, 229, 1097
What are the prime factors of 14242553?
13, 1095581
List the prime factors of 1730808.
2, 3, 2671
List the prime factors of 1076004.
2, 3, 41
List the prime factors of 706299.
3, 11, 17, 1259
List the prime factors of 127093.
73, 1741
What are the prime factors of 18464310?
2, 3, 5, 193, 1063
List the prime factors of 3482790.
2, 3, 5, 17, 6829
List the prime factors of 161220.
2, 3, 5, 2687
List the prime factors of 3881354.
2, 47, 157, 263
List the prime factors of 221239.
221239
List the prime factors of 459670.
2, 5, 43, 1069
List the prime factors of 767890.
2, 5, 17, 4517
List the prime factors of 442773.
3, 23, 31
What are the prime factors of 1684445?
5, 7, 17, 19, 149
What are the prime factors of 10213487?
137, 74551
What are the prime factors of 22022878?
2, 53, 207763
What are the prime factors of 1231?
1231
List